{"id":2,"date":"2018-02-19T15:48:00","date_gmt":"2018-02-19T15:48:00","guid":{"rendered":"http:\/\/janatxoarbizu.apps-1and1.net\/?page_id=2"},"modified":"2025-06-03T18:33:47","modified_gmt":"2025-06-03T17:33:47","slug":"que-es-janatxo","status":"publish","type":"page","link":"https:\/\/janatxo.com","title":{"rendered":"\u00bfQui\u00e9nes somos?"},"content":{"rendered":"<p><span style=\"font-family: 'trebuchet ms', geneva, sans-serif; font-size: 14pt;\">Janatxo es una empresa familiar dedicada a la elaboraci\u00f3n de comidas caseras.<\/span><\/p>\n<h6><span style=\"color: #3366ff;\">\u00bfC\u00f3mo trabajamos?<\/span><\/h6>\n<p>Nosotros preparamos las comidas y pod\u00e9is venir a recogerlas, o bien os las llevamos al domicilio, sociedad o al lugar acordado previamente.<\/p>\n<h6><span style=\"color: #3366ff;\">\u00bfQu\u00e9 platos preparamos?<\/span><\/h6>\n<p>Contamos con una amplia <a href=\"https:\/\/janatxo.com\/platos\/\">variedad de platos<\/a> y, adem\u00e1s, estamos abiertas a nuevas sugerencias.<\/p>\n<h6><span style=\"color: #3366ff;\">\u00bfTrabajamos los festivos?<\/span><\/h6>\n<p>\u00a1Por supuesto! Solo cerramos el 25 de diciembre y el 1 de enero..<\/p>\n<h6><span style=\"color: #3366ff;\">\u00bfA cuantos comensales servimos?<\/span><\/h6>\n<p>Preparamos raciones para 4 o m\u00e1s personas.<\/p>\n<h6><span style=\"color: #3366ff;\">\u00bfY un \u00fanico plato para una persona?\u00a0<\/span><\/h6>\n<p>Lo sentimos, pero no preparamos platos individuales.<\/p>\n<h6><span style=\"color: #3366ff;\">\u00bfNecesidades alimentarias especiales?<\/span><\/h6>\n<p>\u00a1Hablamos y lo solucionamos! Por ejemplo, podemos preparar una cazuela apta para personas cel\u00edacas.<\/p>\n<h6><span style=\"color: #3366ff;\">\u00bfCubiertos?<\/span><\/h6>\n<p>\u00a1S\u00ed! Si necesit\u00e1is platos, vasos o cubiertos, tambi\u00e9n os los proporcionamos.<\/p>\n\n","protected":false},"excerpt":{"rendered":"<p>Janatxo es una empresa familiar dedicada a la elaboraci\u00f3n de comidas caseras. \u00bfC\u00f3mo trabajamos? Nosotros preparamos las comidas y pod\u00e9is<\/p>\n","protected":false},"author":1,"featured_media":0,"parent":0,"menu_order":0,"comment_status":"closed","ping_status":"open","template":"","meta":{"colormag_page_container_layout":"no_sidebar_full_width","colormag_page_sidebar_layout":"no_sidebar","footnotes":""},"class_list":["post-2","page","type-page","status-publish","hentry"],"_links":{"self":[{"href":"https:\/\/janatxo.com\/index.php?rest_route=\/wp\/v2\/pages\/2","targetHints":{"allow":["GET"]}}],"collection":[{"href":"https:\/\/janatxo.com\/index.php?rest_route=\/wp\/v2\/pages"}],"about":[{"href":"https:\/\/janatxo.com\/index.php?rest_route=\/wp\/v2\/types\/page"}],"author":[{"embeddable":true,"href":"https:\/\/janatxo.com\/index.php?rest_route=\/wp\/v2\/users\/1"}],"replies":[{"embeddable":true,"href":"https:\/\/janatxo.com\/index.php?rest_route=%2Fwp%2Fv2%2Fcomments&post=2"}],"version-history":[{"count":62,"href":"https:\/\/janatxo.com\/index.php?rest_route=\/wp\/v2\/pages\/2\/revisions"}],"predecessor-version":[{"id":519,"href":"https:\/\/janatxo.com\/index.php?rest_route=\/wp\/v2\/pages\/2\/revisions\/519"}],"wp:attachment":[{"href":"https:\/\/janatxo.com\/index.php?rest_route=%2Fwp%2Fv2%2Fmedia&parent=2"}],"curies":[{"name":"wp","href":"https:\/\/api.w.org\/{rel}","templated":true}]}}